prime factors of 8746614?
2, 3, 485923
List the prime factors of 2754024008.
2, 19, 463, 39133
List the prime factors of 457914876.
2, 3, 38159573
List the prime factors of 29100206.
2, 139, 104677
What are the prime factors of 1616429751?
3, 17, 31694701
What are the prime factors of 106807223?
149, 716827
List the prime factors of 547584.
2, 3, 23, 31
What are the prime factors of 175098022?
2, 11, 139, 57259
List the prime factors of 56030360.
2, 5, 71, 109, 181
What are the prime factors of 57386553?
3, 7, 43, 103, 617
List the prime factors of 45941278.
2, 19, 29, 47, 887
What are the prime factors of 1065716406?
2, 3, 2053, 9613
List the prime factors of 259589721.
3, 83, 1042529
List the prime factors of 1309858506.
2, 3, 11, 2205149
List the prime factors of 45752606.
2, 22876303
What are the prime factors of 938105641?
11, 61, 577, 2423
List the prime factors of 205743933.
3, 53, 431329
What are the prime factors of 151513964?
2, 7, 37, 146249
What are the prime factors of 2135654159?
83, 3917, 6569
List the prime factors of 7760162.
2, 113, 34337
What are the prime factors of 277640880?
2, 3, 5, 11, 105167
List the prime factors of 873118835.
5, 174623767
What are the prime factors of 87051396?
2, 3, 71, 83, 1231
List the prime factors of 292312126.
2, 1933, 75611
List the prime factors of 302337333.
3, 17, 109, 6043
What are the prime factors of 153767319?
3, 3221, 15913
List the prime factors of 854893639.
29, 2609, 11299
What are the prime factors of 153903600?
2, 3, 5, 42751
List the prime factors of 5278537.
11, 541, 887
List the prime factors of 191707748.
2, 29, 223, 7411
What are the prime factors of 1327200556?
2, 11, 23, 223, 5881
What are the prime factors of 1011558812?
2, 11, 2467, 9319
What are the prime factors of 202590748?
2, 293, 172859
What are the prime factors of 410942355?
3, 5, 19, 31, 193, 241
What are the prime factors of 915152?
2, 7, 8171
List the prime factors of 7107018017.
11, 173, 1549, 2411
List the prime factors of 661806736.
2, 17, 2433113
List the prime factors of 30959068.
2, 7, 283, 3907
List the prime factors of 39108864.
2, 3, 50923
What are the prime factors of 7976129051?
11, 10487, 69143
What are the prime factors of 81245057?
17, 179, 26699
List the prime factors of 697741874.
2, 348870937
List the prime factors of 12496661.
19, 657719
What are the prime factors of 108202138?
2, 11, 4918279
List the prime factors of 4807788504.
2, 3, 200324521
What are the prime factors of 2830867976?
2, 353858497
List the prime factors of 5297448750.
2, 3, 5, 11, 167, 769
What are the prime factors of 10065967?
10065967
List the prime factors of 574323409.
11, 23, 47, 48299
List the prime factors of 38978054.
2, 23, 67, 12647
List the prime factors of 104728267.
7, 47, 318323
List the prime factors of 280020765.
3, 5, 19, 239, 4111
List the prime factors of 914320.
2, 5, 11, 1039
List the prime factors of 959236824.
2, 3, 7, 13, 53, 8287
List the prime factors of 51305312.
2, 1603291
List the prime factors of 641121962.
2, 13, 4339, 5683
List the prime factors of 524425722.
2, 3, 73, 269, 4451
What are the prime factors of 4802395?
5, 13, 73883
List the prime factors of 3609145963.
449, 577, 13931
List the prime factors of 102928234.
2, 17, 3027301
List the prime factors of 4876968730.
2, 5, 1723, 283051
What are the prime factors of 685039216?
2, 4253, 10067
List the prime factors of 4587832.
2, 573479
List the prime factors of 4444144.
2, 37, 7507
What are the prime factors of 153033737?
53, 197, 14657
List the prime factors of 369047506.
2, 647, 285199
List the prime factors of 3234638662.
2, 5021, 322111
What are the prime factors of 1718530228?
2, 733, 586129
What are the prime factors of 597090778?
2, 2341, 127529
List the prime factors of 701068131.
3, 31, 2512789
What are the prime factors of 632363053?
7, 271, 333349
What are the prime factors of 73017050?
2, 5, 1460341
List the prime factors of 4536837.
3, 113, 1487
What are the prime factors of 2632107747?
3, 601, 1459849
What are the prime factors of 482503079?
482503079
List the prime factors of 5173857880.
2, 5, 53, 2440499
List the prime factors of 1131341.
1131341
List the prime factors of 802117224.
2, 3, 19, 709, 827
List the prime factors of 325610646.
2, 3, 6469, 8389
What are the prime factors of 4440350908?
2, 7, 37, 4286053
What are the prime factors of 753436063?
101, 491, 15193
List the prime factors of 898467365.
5, 151, 1190023
List the prime factors of 33160905.
3, 5, 71, 97, 107
What are the prime factors of 45051071?
13, 17, 19, 10729
What are the prime factors of 124060485?
3, 5, 8270699
List the prime factors of 4989497.
293, 17029
What are the prime factors of 557951094?
2, 3, 353, 87811
What are the prime factors of 2509048403?
23, 37, 2948353
What are the prime factors of 1419755033?
31541, 45013
List the prime factors of 4101560.
2, 5, 102539
List the prime factors of 174170058.
2, 3, 139, 208837
What are the prime factors of 101523511?
1721, 58991
What are the prime factors of 78388255?
5, 11, 23, 61967
What are the prime factors of 30215372?
2, 11, 347, 1979
List the prime factors of 875214509.
13, 1871, 35983
List the prime factors of 429338832.
2, 3, 13, 43, 16001
List the prime factors of 45576774.
2, 3, 1039, 2437
List the prime factors of 125679056.
2, 967, 8123
What are the prime factors of 21480445?
5, 7, 29, 21163
List the prime factors of 195986712.
2, 3, 31, 263423
List the prime factors of 72430975.
5, 107, 27077
List the prime factors of 33766647.
3, 11255549
List the prime factors of 121373280.
2, 3, 5, 7, 12041
What are the prime factors of 89975280?
2, 3, 5, 233, 1609
List the prime factors of 50839300.
2, 5, 508393
List the prime factors of 104497282.
2, 52248641
List the prime factors of 155973536.
2, 4874173
What are the prime factors of 9032678168?
2, 1657, 681403
List the prime factors of 3770453187.
3, 418939243
List the prime factors of 7987126469.
7, 71, 157, 2089
What are the prime factors of 46274647?
2281, 20287
What are the prime factors of 37186919?
7, 11, 482947
What are the prime factors of 1946684150?
2, 5, 38933683
List the prime factors of 119310057.
3, 1063, 4157
List the prime factors of 437360530.
2, 5, 17, 41, 131, 479
List the prime factors of 40015160.
2, 5, 127, 7877
List the prime factors of 857600994.
2, 3, 142933499
List the prime factors of 1804918508.
2, 61, 1171, 6317
What are the prime factors of 695164322?
2, 271, 607, 2113
List the prime factors of 11030877.
3, 11, 13, 2857
List the prime factors of 2112128791.
2112128791
List the prime factors of 71606219.
107, 541, 1237
List the prime factors of 206020640.
2, 5, 7, 29, 6343
List the prime factors of 88867039.
59, 1069, 1409
What are the prime factors of 884457768?
2, 3, 37, 996011
List the prime factors of 1314610996.
2, 1049, 313301
List the prime factors of 671110162.
2, 283, 1185707
List the prime factors of 1283409695.
5, 256681939
What are the prime factors of 67204461?
3, 22401487
What are the prime factors of 3928691461?
997, 3940513
What are the prime factors of 569311527?
3, 41, 97, 47717
What are the prime factors of 819546934?
2, 59, 6945313
List the prime factors of 21931857.
3, 23, 35317
List the prime factors of 2211445002.
2, 3, 13, 211, 134369
List the prime factors of 3252263092.
2, 13, 373, 167677
What are the prime factors of 125944550?
2, 5, 23, 109517
List the prime factors of 39422378.
2, 19, 47, 22073
What are the prime factors of 2055762736?
2, 128485171
What are the prime factors of 11253827?
13, 29, 29851
List the prime factors of 1001261952.
2, 3, 289717
What are the prime factors of 44679122?
2, 31, 131, 5501
What are the prime factors of 82734258?
2, 3, 73, 188891
List the prime factors of 38817112.
2, 47, 103237
List the prime factors of 411758784.
2, 3, 61, 11719
What are the prime factors of 18408416?
2, 13, 17, 19, 137
What are the prime factors of 419284504?
2, 52410563
List the prime factors of 29937909.
3, 31, 89, 3617
What are the prime factors of 191078310?
2, 3, 5, 191, 33347
What are the prime factors of 24387?
3, 11, 739
List the prime factors of 74961597.
3, 1721, 14519
What are the prime factors of 4292247734?
2, 1153, 1861339
What are the prime factors of 190815513?
3, 7,